isor of 895482 and 115.
23
What is the greatest common factor of 135960 and 2400?
120
What is the highest common divisor of 33411 and 2751?
21
What is the highest common divisor of 17136 and 37359?
63
Calculate the greatest common divisor of 171958 and 508.
254
What is the greatest common divisor of 3192 and 431452?
532
Calculate the greatest common divisor of 37 and 129167.
37
What is the highest common factor of 299 and 230828?
299
Calculate the highest common factor of 162 and 83511.
81
What is the greatest common factor of 414 and 1382208?
138
What is the greatest common factor of 145 and 16905?
5
Calculate the greatest common factor of 195625 and 25.
25
What is the highest common divisor of 1582 and 24860?
226
Calculate the highest common factor of 513073 and 88.
11
What is the highest common divisor of 13230 and 6210?
270
Calculate the greatest common divisor of 999 and 18352.
37
Calculate the greatest common divisor of 18 and 28104.
6
What is the highest common factor of 1264813 and 242?
121
What is the highest common divisor of 260 and 7813?
13
What is the greatest common factor of 23246 and 1003?
59
What is the greatest common divisor of 65930 and 5605?
95
What is the greatest common divisor of 281952 and 1320?
264
What is the highest common divisor of 31 and 193130?
31
What is the greatest common factor of 627 and 7986?
33
Calculate the greatest common divisor of 54 and 33561.
27
Calculate the greatest common divisor of 4332 and 1212.
12
What is the highest common factor of 329968 and 82?
82
Calculate the greatest common factor of 204000 and 204.
204
What is the greatest common divisor of 12834 and 161?
23
Calculate the greatest common divisor of 24 and 35661.
3
What is the greatest common factor of 19437 and 166573?
209
Calculate the highest common factor of 933200 and 2000.
400
What is the greatest common divisor of 720881 and 7?
7
Calculate the greatest common divisor of 4400 and 102784.
176
Calculate the greatest common factor of 42746 and 53801.
737
Calculate the greatest common divisor of 10 and 121130.
10
Calculate the greatest common factor of 44 and 170588.
44
What is the highest common factor of 403104 and 513?
57
What is the highest common factor of 1104 and 379707?
69
Calculate the greatest common divisor of 88011 and 189.
63
What is the greatest common divisor of 15 and 834035?
5
What is the highest common divisor of 620626 and 2?
2
Calculate the highest common divisor of 90648 and 684.
36
What is the greatest common factor of 15 and 765195?
15
Calculate the greatest common factor of 1456669 and 229.
229
Calculate the highest common factor of 24 and 194424.
24
Calculate the highest common factor of 3 and 1706751.
3
Calculate the greatest common divisor of 2161397 and 574.
287
Calculate the highest common factor of 108 and 4344.
12
What is the greatest common factor of 534 and 1362?
6
What is the highest common divisor of 27 and 1974816?
9
Calculate the greatest common factor of 4192 and 29408.
32
Calculate the highest common divisor of 46152 and 3768.
24
What is the highest common factor of 628728 and 34?
34
What is the greatest common factor of 60 and 88932?
12
What is the highest common divisor of 200996 and 16?
4
What is the greatest common factor of 2781827 and 1817?
1817
What is the greatest common divisor of 15327 and 299?
13
What is the highest common divisor of 303 and 94233?
303
Calculate the highest common divisor of 736 and 301576.
184
Calculate the greatest common divisor of 324 and 62532.
324
Calculate the greatest common factor of 5678 and 1670.
334
What is the greatest common factor of 28272 and 6324?
372
Calculate the highest common divisor of 39 and 845091.
39
Calculate the greatest common divisor of 27715 and 15.
5
What is the greatest common divisor of 15579 and 40967?
577
Calculate the greatest common factor of 2100 and 34125.
525
What is the greatest common factor of 2180607 and 91?
13
What is the greatest common factor of 621 and 19205?
23
What is the greatest common factor of 1593725 and 11025?
1225
Calculate the highest common factor of 49455 and 245.
35
What is the greatest common factor of 348825 and 1200?
75
What is the highest common factor of 567 and 2352?
21
What is the greatest common divisor of 28 and 36428?
28
Calculate the highest common factor of 224338 and 223.
223
What is the highest common factor of 20745 and 540?
45
What is the greatest common factor of 1121 and 9676?
59
What is the highest common divisor of 729 and 315?
9
Calculate the highest common factor of 171 and 115881.
57
What is the highest common factor of 42670 and 2720?
170
Calculate the greatest common divisor of 16968 and 4704.
168
Calculate the highest common factor of 395890 and 885.
295
Calculate the greatest common factor of 2773 and 5.
1
What is the highest common factor of 608 and 1324528?
304
Calculate the highest common divisor of 780 and 29580.
60
Calculate the highest common factor of 532 and 16492.
532
What is the highest common divisor of 236119 and 91?
13
Calculate the highest common factor of 17533 and 178.
89
What is the highest common factor of 1092 and 10724?
28
Calculate the greatest common factor of 9006 and 42.
6
What is the greatest common divisor of 60885 and 5125?
205
Calculate the highest common factor of 21976 and 121136.
536
Calculate the greatest common divisor of 7615 and 660.
5
Calculate the greatest common divisor of 494 and 47866.
26
What is the highest common factor of 26 and 105898?
26
What is the highest common divisor of 9159 and 213?
213
Calculate the highest common divisor of 21 and 41734.
7
What is the greatest common divisor of 1924282 and 158?
158
Calculate the greatest common divisor of 137 and 83.
1
What is the highest common divisor of 1518 and 137126?
506
What is the greatest common divisor of 4 and 131452?
4
What is the greatest common divisor of 6752 and 85664?
32
What is the greatest common divisor of 10030879 and 19?
19
What is the highest common divisor of 248024 and 1376?
344
What is the greatest common divisor of 64830 and 60?
30
Calculate the highest common divisor of 984 and 2592.
24
What is the greatest common factor of 14700 and 1305?
15
Calculate the greatest common factor of 169 and 5148.
13
Calculate the highest common factor of 261109 and 37.
37
What is the greatest common factor of 39320 and 56?
8
What is the highest common divisor of 60 and 10350?
30
Calculate the highest common divisor of 40818 and 10.
2
What is the greatest common factor of 409146 and 15466?
1406
What is the highest common factor of 1848 and 16296?
168
Calculate the highest common factor of 10910 and 3.
1
What is the greatest common factor of 2919 and 3297?
21
What is the greatest common factor of 203 and 763?
7
What is the greatest common divisor of 814 and 2574?
22
What is the greatest common divisor of 126 and 5652?
18
Calculate the greatest common factor of 3 and 182211.
3
What is the highest common divisor of 332 and 3449314?
166
What is the greatest common divisor of 16 and 2454616?
8
What is the highest common factor of 456 and 88616?
152
Calculate the highest common divisor of 6688 and 446842.
418
Calculate the greatest common factor of 410 and 1740245.
205
What is the greatest common factor of 16 and 206696?
8
What is the highest common factor of 5497 and 2629?
239
What is the highest common factor of 233506 and 65?
13
Calculate the greatest common divisor of 326 and 20375.
163
What is the greatest common divisor of 3700 and 1719575?
925
Calculate the greatest common divisor of 89616 and 144.
48
Calculate the greatest common factor of 13604085 and 495.
495
What is the greatest common factor of 72 and 65592?
72
What is the highest common divisor of 376 and 195332?
188
What is the highest common divisor of 9892 and 16?
4
What is the highest common factor of 2825 and 107125?
25
Calculate the highest common divisor of 63 and 1239.
21
Calculate the highest common factor of 8357 and 2329.
137
What is the highest common factor of 3267 and 71511?
363
Calculate the greatest common divisor of 2060 and 65302.
206
What is the highest common factor of 65 and 9965345?
65
What is the highest common factor of 4664 and 7102?
106
Calculate the greatest common divisor of 1059 and 299697.
1059
Ca